hat is the tens digit of 4802?
0
What is the tens digit of 46795?
9
What is the ten thousands digit of 11589?
1
What is the units digit of 3870?
0
What is the units digit of 1433?
3
What is the hundreds digit of 1031?
0
What is the tens digit of 1941?
4
What is the tens digit of 1549?
4
What is the tens digit of 25441?
4
What is the hundreds digit of 932?
9
What is the thousands digit of 1430?
1
What is the hundreds digit of 1934?
9
What is the tens digit of 821?
2
What is the tens digit of 3087?
8
What is the units digit of 3856?
6
What is the tens digit of 8028?
2
What is the thousands digit of 5601?
5
What is the hundreds digit of 45091?
0
What is the tens digit of 2301?
0
What is the thousands digit of 12550?
2
What is the tens digit of 72723?
2
What is the ten thousands digit of 27865?
2
What is the hundreds digit of 58544?
5
What is the tens digit of 4807?
0
What is the hundreds digit of 1134?
1
What is the thousands digit of 1401?
1
What is the ten thousands digit of 29654?
2
What is the hundreds digit of 5891?
8
What is the units digit of 113104?
4
What is the hundreds digit of 2015?
0
What is the ten thousands digit of 103748?
0
What is the tens digit of 22?
2
What is the units digit of 636?
6
What is the units digit of 1421?
1
What is the thousands digit of 4532?
4
What is the ten thousands digit of 142373?
4
What is the thousands digit of 180241?
0
What is the ten thousands digit of 137600?
3
What is the tens digit of 14327?
2
What is the tens digit of 31884?
8
What is the thousands digit of 11867?
1
What is the hundreds digit of 52605?
6
What is the hundreds digit of 366?
3
What is the hundreds digit of 5717?
7
What is the tens digit of 17743?
4
What is the hundreds digit of 84135?
1
What is the thousands digit of 2927?
2
What is the hundreds digit of 111622?
6
What is the tens digit of 4094?
9
What is the thousands digit of 10600?
0
What is the hundreds digit of 514?
5
What is the hundreds digit of 12671?
6
What is the hundreds digit of 59577?
5
What is the tens digit of 2325?
2
What is the hundreds digit of 286?
2
What is the ten thousands digit of 47485?
4
What is the hundreds digit of 149?
1
What is the ten thousands digit of 19438?
1
What is the ten thousands digit of 44147?
4
What is the thousands digit of 8661?
8
What is the thousands digit of 2231?
2
What is the hundreds digit of 495?
4
What is the units digit of 653?
3
What is the tens digit of 2562?
6
What is the hundreds digit of 917?
9
What is the hundreds digit of 4919?
9
What is the tens digit of 21346?
4
What is the thousands digit of 2634?
2
What is the tens digit of 12412?
1
What is the hundreds digit of 1524?
5
What is the tens digit of 1655?
5
What is the hundreds digit of 24140?
1
What is the thousands digit of 28755?
8
What is the tens digit of 586?
8
What is the ten thousands digit of 23978?
2
What is the units digit of 277?
7
What is the hundreds digit of 1049?
0
What is the ten thousands digit of 116554?
1
What is the hundreds digit of 38045?
0
What is the ten thousands digit of 11919?
1
What is the tens digit of 6121?
2
What is the thousands digit of 22335?
2
What is the hundreds digit of 1065?
0
What is the units digit of 1127?
7
What is the hundreds digit of 304?
3
What is the hundreds digit of 994?
9
What is the hundreds digit of 2490?
4
What is the thousands digit of 17030?
7
What is the thousands digit of 29231?
9
What is the units digit of 3208?
8
What is the hundreds digit of 717?
7
What is the units digit of 36077?
7
What is the units digit of 5273?
3
What is the thousands digit of 2901?
2
What is the ten thousands digit of 66990?
6
What is the hundreds digit of 773?
7
What is the units digit of 6630?
0
What is the hundreds digit of 6834?
8
What is the thousands digit of 1513?
1
What is the hundreds digit of 22328?
3
What is the tens digit of 16487?
8
What is the ten thousands digit of 10682?
1
What is the thousands digit of 4600?
4
What is the hundreds digit of 12846?
8
What is the thousands digit of 55499?
5
What is the hundreds digit of 10412?
4
What is the hundreds digit of 4603?
6
What is the hundreds digit of 33928?
9
What is the thousands digit of 1204?
1
What is the tens digit of 233?
3
What is the hundreds digit of 1685?
6
What is the hundreds digit of 238?
2
What is the thousands digit of 1287?
1
What is the units digit of 6796?
6
What is the tens digit of 3364?
6
What is the hundreds digit of 10568?
5
What is the tens digit of 4611?
1
What is the units digit of 22430?
0
What is the tens digit of 20753?
5
What is the thousands digit of 57868?
7
What is the units digit of 34689?
9
What is the tens digit of 2298?
9
What is the tens digit of 472?
7
What is the ten thousands digit of 22626?
2
What is the ten thousands digit of 18374?
1
What is the units digit of 2761?
1
What is the tens digit of 7460?
6
What is the hundreds digit of 8704?
7
What is the units digit of 582?
2
What is the tens digit of 777?
7
What is the thousands digit of 89764?
9
What is the units digit of 4204?
4
What is the thousands digit of 42268?
2
What is the units digit of 1728?
8
What is the tens digit of 1480?
8
What is the tens digit of 14770?
7
What is the tens digit of 10003?
0
What is the thousands digit of 1545?
1
What is the hundreds digit of 1410?
4
What is the units digit of 16250?
0
What is the tens digit of 11350?
5
What is the units digit of 90927?
7
What is the hundreds digit of 2583?
5
What is the units digit of 148?
8
What is the thousands digit of 7822?
7
What is the tens digit of 6135?
3
What is the tens digit of 7932?
3
What is the units digit of 1169?
9
What is the hundreds digit of 7756?
7
What is the tens digit of 385?
8
What is the units digit of 2735?
5
What is the units digit of 17823?
3
What is the hundreds digit of 7128?
1
What is the hundreds digit of 556?
5
What is the thousands digit of 1028?
1
What is the thousands digit of 21084?
1
What is the hundreds digit of 8214?
2
What is the thousands digit of 9728?
9
What is the hundreds digit of 1732?
7
What is the units digit of 1230?
0
What is the tens digit of 25975?
7
What is the hundreds digit of 14486?
4
What is the tens digit of 18720?
2
What is the tens digit of 268?
6
What is the hundreds digit of 1000?
0
What is the units digit of 47283?
3
What is the tens digit of 1572?
7
What is the tens digit of 1888?
8
What is the tens digit of 1526?
2
What is the ten thousands digit of 31038?
3
What is the ten thousands digit of 20823?
2
What is the thousands digit of 3186?
3
What is the thousands digit of 1868?
1
What is the hundreds digit of 676?
6
What is the tens digit of 3425?
2
What is the units digit of 1550?
0
What is the units digit of 77152?
2
What is the units digit of 14129?
9
What is the units digit of 762?
2
What is the units digit of 10606?
6
What is the tens digit of 9718?
1
What is the thousands digit of 3419?
3
What is the tens digit of 2775?
7
What is the tens digit of 11372?
7
What is the units digit of 555?
5
What is the thousands digit of 13927?
3
What is the hundred thousands digit of 108123?
1
What is the tens digit of 4438?
3
What is the thousands digit of 1029?
1
What is the ten thousands digit of 56290?
5
What is the hundreds digit of 2544?
5
What is the tens digit of 39080?
8
What is the tens digit of 5069?
6
What is the tens digit of 3946?
4
What is the tens digit of 276?
7
What is the tens digit of 5621?
2
What is the units digit of 48266?
6
What is the hundreds digit of 97463?
4
What is the hundreds digit of 770?
7
What is the hundreds digit of 156024?
0
What is the units digit of 17080?
0
What is the tens digit of 9268?
6
What is the thousands digit of 6686?
6
What is the thousands digit of 6134?
6
What is the thousands digit of 8384?
8
What is the units digit of 1341?
1
What is the hundreds digit of 1918?
9
What is the hundreds digit of 9723?
7
What is the thousands digit of 2126?
2
What is the ten thousands digit of 16558?
1
What is the tens digit of 14171?
7
What is the units digit of 38077?
7
What is the tens digit of 11970?
7
What is the thousands digit of 1748?
1
What is the units digit of 58293?
3
What is the thousands digit of 54378?
4
What is the hundreds digit of 2303?
3
What is the tens digit of 923?
2
What is the tens digit of 89620?
2
What is the unit